{"id":1772,"date":"2023-01-27T10:32:04","date_gmt":"2023-01-27T13:32:04","guid":{"rendered":"https:\/\/viajandoeclicando.com.br\/?page_id=1772"},"modified":"2023-01-27T10:32:04","modified_gmt":"2023-01-27T13:32:04","slug":"brasil","status":"publish","type":"page","link":"https:\/\/viajandoeclicando.com.br\/index.php\/brasil\/","title":{"rendered":"Brasil"},"content":{"rendered":"\n<p>O Brasil, um vasto pa\u00eds sul-americano, estende-se da Bacia Amaz\u00f4nica, no norte, at\u00e9 os vinhedos e as gigantescas Cataratas do Igua\u00e7u, no sul. O Rio de Janeiro, simbolizado pela sua est\u00e1tua de 38 metros de altura do Cristo Redentor, situada no topo do Corcovado, \u00e9 famoso pelas movimentadas praias de Copacabana e Ipanema, bem como pelo imenso e animado Carnaval, com desfiles de carros aleg\u00f3ricos, fantasias extravagantes e samba.&nbsp;\u2015&nbsp;Google<\/p>\n\n\n\n<p><a href=\"https:\/\/www.google.com\/search?sxsrf=AJOqlzW7BeHfYQYo92r4zoNpLGOh6F4TXw:1674826280173&amp;q=brasil+capital&amp;stick=H4sIAAAAAAAAAOPgE-LQz9U3MDRNK9KSyU620s_JT04syczP00_OL80rKaq0Sk4syCxJzFnEypdUlFicmaMAFQAAKj3luDsAAAA&amp;sa=X&amp;ved=2ahUKEwjF0fWL7uf8AhUYILkGHUC_C9sQ6BMoAHoFCJsBEAI\">Capital<\/a>:&nbsp;<a href=\"https:\/\/www.google.com\/search?sxsrf=AJOqlzW7BeHfYQYo92r4zoNpLGOh6F4TXw:1674826280173&amp;q=Bras%C3%ADlia&amp;stick=H4sIAAAAAAAAAOPgE-LQz9U3MDRNK1KCsDIq47VkspOt9HPykxNLMvPz9JPzS_NKiiqtkhMLMksScxaxcjoVJRYfXpuTmbiDlXEXOxMHAwBVcD5DSAAAAA&amp;sa=X&amp;ved=2ahUKEwjF0fWL7uf8AhUYILkGHUC_C9sQmxMoAXoFCJsBEAM\">Bras\u00edlia<\/a><\/p>\n\n\n\n<p><a href=\"https:\/\/www.google.com\/search?sxsrf=AJOqlzW7BeHfYQYo92r4zoNpLGOh6F4TXw:1674826280173&amp;q=brasil+c%C3%B3digo+de+discagem&amp;stick=H4sIAAAAAAAAAOPgE-LQz9U3MDRNK9JSzE620s_JT04syczP00_OL80rKaq0SslMzMnMS1dIzk9JXcQqlVSUWJyZo5B8eHNKZnq-QkqqQkpmcXJiemouAG3y_31MAAAA&amp;sa=X&amp;ved=2ahUKEwjF0fWL7uf8AhUYILkGHUC_C9sQ6BMoAHoFCJABEAI\">C\u00f3digo de discagem<\/a>:&nbsp;+55<\/p>\n\n\n\n<p><a href=\"https:\/\/www.google.com\/search?sxsrf=AJOqlzW7BeHfYQYo92r4zoNpLGOh6F4TXw:1674826280173&amp;q=brasil+%C3%A1rea&amp;stick=H4sIAAAAAAAAAOPgE-LQz9U3MDRNK9KSyk620s_JT04syczPgzOsEotSExex8iQVJRZn5igcXgjkAgDhMVBINwAAAA&amp;sa=X&amp;ved=2ahUKEwjF0fWL7uf8AhUYILkGHUC_C9sQ6BMoAHoFCKABEAI\">\u00c1rea<\/a>:&nbsp;8.516.000&nbsp;km\u00b2<\/p>\n\n\n\n<p><a href=\"https:\/\/www.google.com\/search?sxsrf=AJOqlzW7BeHfYQYo92r4zoNpLGOh6F4TXw:1674826280173&amp;q=brasil+popula%C3%A7%C3%A3o&amp;stick=H4sIAAAAAAAAAOPgE-LQz9U3MDRNK9IyS0m20s9JTU9MroxPTixKscrJT04syczPiy8uAdLFJZnJiTnxRanpIKGC_ILSHLDsIlahpKLE4swcBYjY4eWHF-cDACld_ytZAAAA&amp;sa=X&amp;ved=2ahUKEwjF0fWL7uf8AhUYILkGHUC_C9sQ6BMoAHoFCJEBEAI\">Popula\u00e7\u00e3o<\/a>:&nbsp;214,3&nbsp;milh\u00f5es (2021)&nbsp;<a href=\"http:\/\/datatopics.worldbank.org\/world-development-indicators\">Banco Mundial<\/a><\/p>\n\n\n\n<p><a href=\"https:\/\/www.google.com\/search?sxsrf=AJOqlzW7BeHfYQYo92r4zoNpLGOh6F4TXw:1674826280173&amp;q=brasil+produto+interno+bruto&amp;stick=H4sIAAAAAAAAAOPgE-LQz9U3MDRNK9IyT0m20s9JTU9MroxPTixKscrJT04syczPiy8uAdLFJZnJiTnxRanpIKH0lIL4vPzczLzEnEWsMklFicWZOQoFRfkppSX5Cpl5JalFefkKSUVAHgCasgQQZAAAAA&amp;sa=X&amp;ved=2ahUKEwjF0fWL7uf8AhUYILkGHUC_C9sQ6BMoAHoFCJoBEAI\">Produto Interno Bruto<\/a>:&nbsp;1,609&nbsp;trilh\u00e3o USD (2021)&nbsp;<a href=\"http:\/\/datatopics.worldbank.org\/world-development-indicators\">Banco Mundial<\/a><\/p>\n\n\n\n<p><a href=\"https:\/\/www.google.com\/search?sxsrf=AJOqlzW7BeHfYQYo92r4zoNpLGOh6F4TXw:1674826280173&amp;q=brasil+governo&amp;stick=H4sIAAAAAAAAAOPgE-LQz9U3MDRNK9KSz0620s_JT04syczP00_OL80rKaq0Ss8vSy3Ky03NK1nEypdUlFicmaMAEcsHAEkLdbo-AAAA&amp;sa=X&amp;ved=2ahUKEwjF0fWL7uf8AhUYILkGHUC_C9sQ6BMoAHoFCJ0BEAI\">Governo<\/a>:\u00a0Presidencialismo, Rep\u00fablica constitucional, Rep\u00fablica federal<\/p>\n\n\n\n<p>O Brasil possui quatro fusos hor\u00e1rios:\u00a0<strong>GMT -2, GMT -3, GMT -4 e GMT -5<\/strong>. Como o pa\u00eds fica no hemisf\u00e9rio ocidental, todos os hor\u00e1rios s\u00e3o atrasados em rela\u00e7\u00e3o ao Meridiano de Greenwich. O fuso hor\u00e1rio oficial do pa\u00eds, conhecido como hor\u00e1rio de Bras\u00edlia, \u00e9 GMT -3.<\/p>\n","protected":false},"excerpt":{"rendered":"<p>O Brasil, um vasto pa\u00eds sul-americano, estende-se da Bacia Amaz\u00f4nica, no norte, at\u00e9 os vinhedos e as gigantescas Cataratas do Igua\u00e7u, no sul. O Rio de Janeiro, simbolizado pela sua est\u00e1tua de 38 metros de altura do Cristo Redentor, situada no topo do Corcovado, \u00e9 famoso pelas movimentadas praias de Copacabana e Ipanema, bem como pelo imenso e animado Carnaval, com desfiles de carros aleg\u00f3ricos, fantasias extravagantes e samba.&nbsp;\u2015&nbsp;Google Capital:&nbsp;Bras\u00edlia C\u00f3digo de discagem:&nbsp;+55 \u00c1rea:&nbsp;8.516.000&nbsp;km\u00b2 Popula\u00e7\u00e3o:&nbsp;214,3&nbsp;milh\u00f5es<\/p>\n","protected":false},"author":5,"featured_media":0,"parent":0,"menu_order":0,"comment_status":"closed","ping_status":"closed","template":"","meta":{"colormag_page_container_layout":"default_layout","colormag_page_sidebar_layout":"default_layout","footnotes":""},"class_list":["post-1772","page","type-page","status-publish","hentry"],"yoast_head":"<!-- This site is optimized with the Yoast SEO plugin v26.5 - https:\/\/yoast.com\/wordpress\/plugins\/seo\/ -->\n<title>Brasil - Viajando e Clicando<\/title>\n<meta name=\"robots\" content=\"index, follow, max-snippet:-1, max-image-preview:large, max-video-preview:-1\" \/>\n<link rel=\"canonical\" href=\"https:\/\/viajandoeclicando.com.br\/index.php\/brasil\/\" \/>\n<meta property=\"og:locale\" content=\"pt_BR\" \/>\n<meta property=\"og:type\" content=\"article\" \/>\n<meta property=\"og:title\" content=\"Brasil - Viajando e Clicando\" \/>\n<meta property=\"og:description\" content=\"O Brasil, um vasto pa\u00eds sul-americano, estende-se da Bacia Amaz\u00f4nica, no norte, at\u00e9 os vinhedos e as gigantescas Cataratas do Igua\u00e7u, no sul. O Rio de Janeiro, simbolizado pela sua est\u00e1tua de 38 metros de altura do Cristo Redentor, situada no topo do Corcovado, \u00e9 famoso pelas movimentadas praias de Copacabana e Ipanema, bem como pelo imenso e animado Carnaval, com desfiles de carros aleg\u00f3ricos, fantasias extravagantes e samba.&nbsp;\u2015&nbsp;Google Capital:&nbsp;Bras\u00edlia C\u00f3digo de discagem:&nbsp;+55 \u00c1rea:&nbsp;8.516.000&nbsp;km\u00b2 Popula\u00e7\u00e3o:&nbsp;214,3&nbsp;milh\u00f5es\" \/>\n<meta property=\"og:url\" content=\"https:\/\/viajandoeclicando.com.br\/index.php\/brasil\/\" \/>\n<meta property=\"og:site_name\" content=\"Viajando e Clicando\" \/>\n<meta name=\"twitter:card\" content=\"summary_large_image\" \/>\n<meta name=\"twitter:label1\" content=\"Est. tempo de leitura\" \/>\n\t<meta name=\"twitter:data1\" content=\"1 minuto\" \/>\n<script type=\"application\/ld+json\" class=\"yoast-schema-graph\">{\"@context\":\"https:\/\/schema.org\",\"@graph\":[{\"@type\":\"WebPage\",\"@id\":\"https:\/\/viajandoeclicando.com.br\/index.php\/brasil\/\",\"url\":\"https:\/\/viajandoeclicando.com.br\/index.php\/brasil\/\",\"name\":\"Brasil - Viajando e Clicando\",\"isPartOf\":{\"@id\":\"https:\/\/viajandoeclicando.com.br\/#website\"},\"datePublished\":\"2023-01-27T13:32:04+00:00\",\"breadcrumb\":{\"@id\":\"https:\/\/viajandoeclicando.com.br\/index.php\/brasil\/#breadcrumb\"},\"inLanguage\":\"pt-BR\",\"potentialAction\":[{\"@type\":\"ReadAction\",\"target\":[\"https:\/\/viajandoeclicando.com.br\/index.php\/brasil\/\"]}]},{\"@type\":\"BreadcrumbList\",\"@id\":\"https:\/\/viajandoeclicando.com.br\/index.php\/brasil\/#breadcrumb\",\"itemListElement\":[{\"@type\":\"ListItem\",\"position\":1,\"name\":\"In\u00edcio\",\"item\":\"https:\/\/viajandoeclicando.com.br\/\"},{\"@type\":\"ListItem\",\"position\":2,\"name\":\"Brasil\"}]},{\"@type\":\"WebSite\",\"@id\":\"https:\/\/viajandoeclicando.com.br\/#website\",\"url\":\"https:\/\/viajandoeclicando.com.br\/\",\"name\":\"Viajando e Clicando\",\"description\":\"Viagens e muitos cliques!\",\"publisher\":{\"@id\":\"https:\/\/viajandoeclicando.com.br\/#organization\"},\"potentialAction\":[{\"@type\":\"SearchAction\",\"target\":{\"@type\":\"EntryPoint\",\"urlTemplate\":\"https:\/\/viajandoeclicando.com.br\/?s={search_term_string}\"},\"query-input\":{\"@type\":\"PropertyValueSpecification\",\"valueRequired\":true,\"valueName\":\"search_term_string\"}}],\"inLanguage\":\"pt-BR\"},{\"@type\":\"Organization\",\"@id\":\"https:\/\/viajandoeclicando.com.br\/#organization\",\"name\":\"Viajando e Clicando\",\"url\":\"https:\/\/viajandoeclicando.com.br\/\",\"logo\":{\"@type\":\"ImageObject\",\"inLanguage\":\"pt-BR\",\"@id\":\"https:\/\/viajandoeclicando.com.br\/#\/schema\/logo\/image\/\",\"url\":\"https:\/\/viajandoeclicando.com.br\/wp-content\/uploads\/2025\/12\/cropped-banner_viajandoClicando-site-2026.png\",\"contentUrl\":\"https:\/\/viajandoeclicando.com.br\/wp-content\/uploads\/2025\/12\/cropped-banner_viajandoClicando-site-2026.png\",\"width\":253,\"height\":90,\"caption\":\"Viajando e Clicando\"},\"image\":{\"@id\":\"https:\/\/viajandoeclicando.com.br\/#\/schema\/logo\/image\/\"}}]}<\/script>\n<!-- \/ Yoast SEO plugin. -->","yoast_head_json":{"title":"Brasil - Viajando e Clicando","robots":{"index":"index","follow":"follow","max-snippet":"max-snippet:-1","max-image-preview":"max-image-preview:large","max-video-preview":"max-video-preview:-1"},"canonical":"https:\/\/viajandoeclicando.com.br\/index.php\/brasil\/","og_locale":"pt_BR","og_type":"article","og_title":"Brasil - Viajando e Clicando","og_description":"O Brasil, um vasto pa\u00eds sul-americano, estende-se da Bacia Amaz\u00f4nica, no norte, at\u00e9 os vinhedos e as gigantescas Cataratas do Igua\u00e7u, no sul. O Rio de Janeiro, simbolizado pela sua est\u00e1tua de 38 metros de altura do Cristo Redentor, situada no topo do Corcovado, \u00e9 famoso pelas movimentadas praias de Copacabana e Ipanema, bem como pelo imenso e animado Carnaval, com desfiles de carros aleg\u00f3ricos, fantasias extravagantes e samba.&nbsp;\u2015&nbsp;Google Capital:&nbsp;Bras\u00edlia C\u00f3digo de discagem:&nbsp;+55 \u00c1rea:&nbsp;8.516.000&nbsp;km\u00b2 Popula\u00e7\u00e3o:&nbsp;214,3&nbsp;milh\u00f5es","og_url":"https:\/\/viajandoeclicando.com.br\/index.php\/brasil\/","og_site_name":"Viajando e Clicando","twitter_card":"summary_large_image","twitter_misc":{"Est. tempo de leitura":"1 minuto"},"schema":{"@context":"https:\/\/schema.org","@graph":[{"@type":"WebPage","@id":"https:\/\/viajandoeclicando.com.br\/index.php\/brasil\/","url":"https:\/\/viajandoeclicando.com.br\/index.php\/brasil\/","name":"Brasil - Viajando e Clicando","isPartOf":{"@id":"https:\/\/viajandoeclicando.com.br\/#website"},"datePublished":"2023-01-27T13:32:04+00:00","breadcrumb":{"@id":"https:\/\/viajandoeclicando.com.br\/index.php\/brasil\/#breadcrumb"},"inLanguage":"pt-BR","potentialAction":[{"@type":"ReadAction","target":["https:\/\/viajandoeclicando.com.br\/index.php\/brasil\/"]}]},{"@type":"BreadcrumbList","@id":"https:\/\/viajandoeclicando.com.br\/index.php\/brasil\/#breadcrumb","itemListElement":[{"@type":"ListItem","position":1,"name":"In\u00edcio","item":"https:\/\/viajandoeclicando.com.br\/"},{"@type":"ListItem","position":2,"name":"Brasil"}]},{"@type":"WebSite","@id":"https:\/\/viajandoeclicando.com.br\/#website","url":"https:\/\/viajandoeclicando.com.br\/","name":"Viajando e Clicando","description":"Viagens e muitos cliques!","publisher":{"@id":"https:\/\/viajandoeclicando.com.br\/#organization"},"potentialAction":[{"@type":"SearchAction","target":{"@type":"EntryPoint","urlTemplate":"https:\/\/viajandoeclicando.com.br\/?s={search_term_string}"},"query-input":{"@type":"PropertyValueSpecification","valueRequired":true,"valueName":"search_term_string"}}],"inLanguage":"pt-BR"},{"@type":"Organization","@id":"https:\/\/viajandoeclicando.com.br\/#organization","name":"Viajando e Clicando","url":"https:\/\/viajandoeclicando.com.br\/","logo":{"@type":"ImageObject","inLanguage":"pt-BR","@id":"https:\/\/viajandoeclicando.com.br\/#\/schema\/logo\/image\/","url":"https:\/\/viajandoeclicando.com.br\/wp-content\/uploads\/2025\/12\/cropped-banner_viajandoClicando-site-2026.png","contentUrl":"https:\/\/viajandoeclicando.com.br\/wp-content\/uploads\/2025\/12\/cropped-banner_viajandoClicando-site-2026.png","width":253,"height":90,"caption":"Viajando e Clicando"},"image":{"@id":"https:\/\/viajandoeclicando.com.br\/#\/schema\/logo\/image\/"}}]}},"_links":{"self":[{"href":"https:\/\/viajandoeclicando.com.br\/index.php\/wp-json\/wp\/v2\/pages\/1772","targetHints":{"allow":["GET"]}}],"collection":[{"href":"https:\/\/viajandoeclicando.com.br\/index.php\/wp-json\/wp\/v2\/pages"}],"about":[{"href":"https:\/\/viajandoeclicando.com.br\/index.php\/wp-json\/wp\/v2\/types\/page"}],"author":[{"embeddable":true,"href":"https:\/\/viajandoeclicando.com.br\/index.php\/wp-json\/wp\/v2\/users\/5"}],"replies":[{"embeddable":true,"href":"https:\/\/viajandoeclicando.com.br\/index.php\/wp-json\/wp\/v2\/comments?post=1772"}],"version-history":[{"count":1,"href":"https:\/\/viajandoeclicando.com.br\/index.php\/wp-json\/wp\/v2\/pages\/1772\/revisions"}],"predecessor-version":[{"id":1773,"href":"https:\/\/viajandoeclicando.com.br\/index.php\/wp-json\/wp\/v2\/pages\/1772\/revisions\/1773"}],"wp:attachment":[{"href":"https:\/\/viajandoeclicando.com.br\/index.php\/wp-json\/wp\/v2\/media?parent=1772"}],"curies":[{"name":"wp","href":"https:\/\/api.w.org\/{rel}","templated":true}]}}